 {"id":14,"date":"2024-04-18T10:18:05","date_gmt":"2024-04-18T10:18:05","guid":{"rendered":"https:\/\/carochasdeaveiro.com\/?page_id=14"},"modified":"2025-11-19T09:30:16","modified_gmt":"2025-11-19T09:30:16","slug":"home","status":"publish","type":"page","link":"http:\/\/carochasdeaveiro.com\/","title":{"rendered":"Sal\u00e3o Autom\u00f3vel"},"content":{"rendered":"\n<figure class=\"wp-block-image size-large\"><img loading=\"lazy\" decoding=\"async\" width=\"724\" height=\"1024\" src=\"https:\/\/carochasdeaveiro.com\/wp-content\/uploads\/2025\/03\/super-especial-2025-724x1024.jpg\" alt=\"\" class=\"wp-image-597\" srcset=\"http:\/\/carochasdeaveiro.com\/wp-content\/uploads\/2025\/03\/super-especial-2025-724x1024.jpg 724w, http:\/\/carochasdeaveiro.com\/wp-content\/uploads\/2025\/03\/super-especial-2025-212x300.jpg 212w, http:\/\/carochasdeaveiro.com\/wp-content\/uploads\/2025\/03\/super-especial-2025-768x1086.jpg 768w, http:\/\/carochasdeaveiro.com\/wp-content\/uploads\/2025\/03\/super-especial-2025.jpg 1000w\" sizes=\"(max-width: 724px) 100vw, 724px\" \/><\/figure>\n\n\n\n<p>.<\/p>\n\n\n\n<p class=\"has-x-large-font-size\">Expositor\/Comerciante<\/p>\n\n\n\n<p>.<\/p>\n\n\n\n<p><strong>A Organiza\u00e7\u00e3o do 20\u00ba Sal\u00e3o Autom\u00f3vel Motociclo Antigo Cl\u00e1ssico e Sport de Aveiro, por reconhecer a import\u00e2ncia da atividade dos Expositores e\/ou Comerciantes, leva a efeito mais uma vez este evento.<\/strong><\/p>\n\n\n\n<p>.<\/p>\n\n\n\n<p>.<\/p>\n\n\n\n<p><\/p>\n\n\n\n<h1 class=\"wp-block-heading\">Inscri\u00e7\u00f5es para Expositores\/Comerciantes  encerradas<\/h1>\n\n\n\n<p>.<\/p>\n\n\n\n<p>.<\/p>\n\n\n\n<p><\/p>\n\n\n\n<p> <strong>carochasaveiro@gmail.com<\/strong><\/p>\n\n\n\n<p>.<\/p>\n\n\n\n<p>.<\/p>\n\n\n\n<p>.<\/p>\n\n\n\n<p class=\"has-x-large-font-size\"><strong>Para participar no Motor Show<\/strong><\/p>\n\n\n\n<p>.<\/p>\n\n\n\n<p>.<\/p>\n\n\n\n<p>Dever\u00e1 contactar os seguintes N\u00ba de Telem\u00f3vel:<\/p>\n\n\n\n<p><strong>918 688 828  Celestino<\/strong><\/p>\n\n\n\n<p><strong>962 751 901  Carlos Santos <\/strong><\/p>\n","protected":false},"excerpt":{"rendered":"<p>. Expositor\/Comerciante . A Organiza\u00e7\u00e3o do 20\u00ba Sal\u00e3o Autom\u00f3vel Motociclo Antigo Cl\u00e1ssico e Sport de Aveiro, por reconhecer a import\u00e2ncia da atividade dos Expositores e\/ou Comerciantes, leva a efeito mais uma vez este evento. . . Inscri\u00e7\u00f5es para Expositores\/Comerciantes encerradas . . carochasaveiro@gmail.com . . . Para participar no Motor Show . . Dever\u00e1 contactar [&hellip;]<\/p>\n","protected":false},"author":1,"featured_media":0,"parent":0,"menu_order":1,"comment_status":"closed","ping_status":"closed","template":"","meta":{"footnotes":""},"_links":{"self":[{"href":"http:\/\/carochasdeaveiro.com\/index.php?rest_route=\/wp\/v2\/pages\/14"}],"collection":[{"href":"http:\/\/carochasdeaveiro.com\/index.php?rest_route=\/wp\/v2\/pages"}],"about":[{"href":"http:\/\/carochasdeaveiro.com\/index.php?rest_route=\/wp\/v2\/types\/page"}],"author":[{"embeddable":true,"href":"http:\/\/carochasdeaveiro.com\/index.php?rest_route=\/wp\/v2\/users\/1"}],"replies":[{"embeddable":true,"href":"http:\/\/carochasdeaveiro.com\/index.php?rest_route=%2Fwp%2Fv2%2Fcomments&post=14"}],"version-history":[{"count":45,"href":"http:\/\/carochasdeaveiro.com\/index.php?rest_route=\/wp\/v2\/pages\/14\/revisions"}],"predecessor-version":[{"id":862,"href":"http:\/\/carochasdeaveiro.com\/index.php?rest_route=\/wp\/v2\/pages\/14\/revisions\/862"}],"wp:attachment":[{"href":"http:\/\/carochasdeaveiro.com\/index.php?rest_route=%2Fwp%2Fv2%2Fmedia&parent=14"}],"curies":[{"name":"wp","href":"https:\/\/api.w.org\/{rel}","templated":true}]}}